{"id":2108,"date":"2024-03-19T16:48:34","date_gmt":"2024-03-19T15:48:34","guid":{"rendered":"https:\/\/www.music-match.biz\/?post_type=referenten&#038;p=2108"},"modified":"2024-04-23T16:15:05","modified_gmt":"2024-04-23T14:15:05","slug":"pro-musik","status":"publish","type":"referenten","link":"https:\/\/www.music-match.biz\/en\/referenten\/pro-musik\/","title":{"rendered":"PRO MUSIK"},"content":{"rendered":"<p>vertreten durch Kerstin Mayer &amp; Stephanie Dathe<\/p>\n\n\n\n<p>PRO MUSIK hat sich 2021 w\u00e4hrend der Corona-Pandemie aus der Erfahrung heraus gegr\u00fcndet, dass wir freischaffenden Musikerinnen und Musiker keine Interessenvertretung hatten. Diese L\u00fccke zu f\u00fcllen ist unser Anspruch. Dabei verstehen wir uns als Schnittstelle, die in zwei Richtungen funktioniert:<\/p>\n\n\n\n<p>Auf der einen Seite wollen wir in die Musiker*innen-Szene reinh\u00f6ren, was Probleme bereitet und L\u00f6sungen vermitteln, so es sie bereits gibt. Und auf der anderen Seite wollen wir die Bedarfe geb\u00fcndelt an die Politik weitergeben und erkl\u00e4ren, wie man es aus unserer Sicht besser machen k\u00f6nnte. Ziel ist es dabei immer das Arbeitsumfeld f\u00fcr die freischaffenden Musiker*innen in Deutschland zu verbessern und mehr Menschen f\u00fcr diesen erf\u00fcllenden Beruf zu begeistern.<\/p>\n\n\n\n<p>KERSTIN MAYER<\/p>\n\n\n\n<p>Seit ihrem siebzehnten Lebensjahr verbringt Kerstin Mayer viel Zeit bei Konzerten. Mehr als ein Jahrzehnt war sie dabei auch hinter den Kulissen aktiv. Anschlie\u00dfend arbeitete sie in diversen Medien-unternehmen, bevor sie das Thema Kulturf\u00f6rderung kennen und lieben lernte. Sie verbrachte mehrere Jahre als Projektbetreuerin bei der Initiative Musik und \u00fcbernahm danach die Leitung der Finanz-verwaltung der Amadeus Antonio Stiftung, die Initiativen gegen gruppenbezogene Menschen-feindlichkeit supportet.<\/p>\n\n\n\n<p>2020 machte Kerstin sich selbst\u00e4ndig und ber\u00e4t seitdem Musikschaffende bei der Beantragung und Durchf\u00fchrung von F\u00f6rderprojekten, gibt Workshops und Seminare oder \u00fcbernimmt Projektmanagement-aufgaben. 2022 in den Vorstand des Bundesverband Popularmusik (BV Pop) gew\u00e4hlt. Dar\u00fcber hinaus engagiert sie sich bei Second Bandshirt, einem Verein, der gespendetes Bandmerchandise verkauft und die Erl\u00f6se an gemeinn\u00fctzige Zwecke weitergibt und hat als neuesten Streich einen Popchor f\u00fcr Flintas gegr\u00fcndet.<\/p>\n\n\n\n<p>Bei PRO MUSIK baut sie zusammen mit ihrem Kollegen Lukas Berg das bundesweite Kompetenz-zentrum f\u00fcr freischaffende Musiker*innen \u201eArtist Elevator&#8220;auf und kuratiert das &#8222;Starterkit Selbst\u00e4ndigkeit\u201c.<\/p>\n\n\n\n<p>STEPHANIE DATHE<\/p>\n\n\n\n<p>arbeitet &amp; lebt in Leipzig, wo sie seit fr\u00fchester Kindheit eine umfassende vertiefte musikalische Ausbildung an der HMT Leipzig erhielt. Ihr Klavierstudium, Musik- und Instrumentalp\u00e4dagogik sowie EMP erm\u00f6glichen ihr eine umfassende K\u00fcnstlerisch &amp; p\u00e4dagogisch Arbeit in der Musikvermittlung. Unter der Marke arssynerga betreibt sie u.a. das ensemble arssynerga und eine Schule f\u00fcr musisch-\u00e4sthetische Bildung. Regelm\u00e4\u00dfig produziert sie Musiktheaterst\u00fccke. Kenntnisse in Musikmanagement, BWL &amp; MVM erwarb sie berufsbegleitend. Als soloselbst\u00e4ndige K\u00fcnstlerin &amp; Musikp\u00e4dagogin ist sie seit 2002 freischaffend t\u00e4tig, &amp; kreiert mit gro\u00dfer Vorliebe crossover &amp; open air &#8211; Projekte an ungew\u00f6hnlichen Orten. Als Vorsitzende des Berufsverbandes in Sachsen setzt sie sich seit 2005 u.a.leidenschaftlich f\u00fcr musische &amp; kulturelle Bildung, der Wertsch\u00e4tzung der Musikberufe und deren Faire Verg\u00fctung ein. Seit Juli 2023 ist sie im Vorstand von PRO MUSIK Verband freier Musikschaffender t\u00e4tig und leitet den PRO MUSIK L\u00e4nderverbund Mitteldeutschland, den sie zeitgleich zusammen mit ihrer Kollegin Felicitas Ressel ins Leben rief. Das erste Papier zu Honoraruntergrenzen kam aus Sachsen im Jahr 2009. Seitdem wurde viel erreicht. Die Themen und Expertisen sind inzwischen bundesweit pr\u00e4sent.<\/p>","protected":false},"featured_media":2110,"template":"","jahr":[68],"class_list":["post-2108","referenten","type-referenten","status-publish","has-post-thumbnail","hentry","jahr-68"],"yoast_head":"<!-- This site is optimized with the Yoast SEO plugin v26.7 - https:\/\/yoast.com\/wordpress\/plugins\/seo\/ -->\n<title>PRO MUSIK - MusicMatch 2026 | Festival &amp; Konferenz<\/title>\n<meta name=\"robots\" content=\"index, follow, max-snippet:-1, max-image-preview:large, max-video-preview:-1\" \/>\n<link rel=\"canonical\" href=\"https:\/\/www.music-match.biz\/en\/referenten\/pro-musik\/\" \/>\n<meta property=\"og:locale\" content=\"en_GB\" \/>\n<meta property=\"og:type\" content=\"article\" \/>\n<meta property=\"og:title\" content=\"PRO MUSIK - MusicMatch 2026 | Festival &amp; Konferenz\" \/>\n<meta property=\"og:description\" content=\"vertreten durch Kerstin Mayer &amp; Stephanie Dathe PRO MUSIK hat sich 2021 w\u00e4hrend der Corona-Pandemie aus der Erfahrung heraus gegr\u00fcndet, dass wir freischaffenden Musikerinnen und Musiker keine Interessenvertretung hatten. Diese L\u00fccke zu f\u00fcllen ist unser Anspruch. Dabei verstehen wir uns als Schnittstelle, die in zwei Richtungen funktioniert: Auf der einen Seite wollen wir in die [&hellip;]\" \/>\n<meta property=\"og:url\" content=\"https:\/\/www.music-match.biz\/en\/referenten\/pro-musik\/\" \/>\n<meta property=\"og:site_name\" content=\"MusicMatch 2026 | Festival &amp; Konferenz\" \/>\n<meta property=\"article:modified_time\" content=\"2024-04-23T14:15:05+00:00\" \/>\n<meta property=\"og:image\" content=\"https:\/\/www.music-match.biz\/wp-content\/uploads\/2024\/03\/PRO-MUSIK-1.jpg\" \/>\n\t<meta property=\"og:image:width\" content=\"1080\" \/>\n\t<meta property=\"og:image:height\" content=\"1080\" \/>\n\t<meta property=\"og:image:type\" content=\"image\/jpeg\" \/>\n<meta name=\"twitter:card\" content=\"summary_large_image\" \/>\n<meta name=\"twitter:label1\" content=\"Estimated reading time\" \/>\n\t<meta name=\"twitter:data1\" content=\"3 minutes\" \/>\n<script type=\"application\/ld+json\" class=\"yoast-schema-graph\">{\"@context\":\"https:\/\/schema.org\",\"@graph\":[{\"@type\":\"WebPage\",\"@id\":\"https:\/\/www.music-match.biz\/referenten\/pro-musik\/\",\"url\":\"https:\/\/www.music-match.biz\/referenten\/pro-musik\/\",\"name\":\"PRO MUSIK - MusicMatch 2026 | Festival &amp; Konferenz\",\"isPartOf\":{\"@id\":\"https:\/\/www.music-match.biz\/#website\"},\"primaryImageOfPage\":{\"@id\":\"https:\/\/www.music-match.biz\/referenten\/pro-musik\/#primaryimage\"},\"image\":{\"@id\":\"https:\/\/www.music-match.biz\/referenten\/pro-musik\/#primaryimage\"},\"thumbnailUrl\":\"https:\/\/www.music-match.biz\/wp-content\/uploads\/2024\/03\/PRO-MUSIK-1.jpg\",\"datePublished\":\"2024-03-19T15:48:34+00:00\",\"dateModified\":\"2024-04-23T14:15:05+00:00\",\"breadcrumb\":{\"@id\":\"https:\/\/www.music-match.biz\/referenten\/pro-musik\/#breadcrumb\"},\"inLanguage\":\"en-GB\",\"potentialAction\":[{\"@type\":\"ReadAction\",\"target\":[\"https:\/\/www.music-match.biz\/referenten\/pro-musik\/\"]}]},{\"@type\":\"ImageObject\",\"inLanguage\":\"en-GB\",\"@id\":\"https:\/\/www.music-match.biz\/referenten\/pro-musik\/#primaryimage\",\"url\":\"https:\/\/www.music-match.biz\/wp-content\/uploads\/2024\/03\/PRO-MUSIK-1.jpg\",\"contentUrl\":\"https:\/\/www.music-match.biz\/wp-content\/uploads\/2024\/03\/PRO-MUSIK-1.jpg\",\"width\":1080,\"height\":1080},{\"@type\":\"BreadcrumbList\",\"@id\":\"https:\/\/www.music-match.biz\/referenten\/pro-musik\/#breadcrumb\",\"itemListElement\":[{\"@type\":\"ListItem\",\"position\":1,\"name\":\"Startseite\",\"item\":\"https:\/\/www.music-match.biz\/\"},{\"@type\":\"ListItem\",\"position\":2,\"name\":\"Referenten\",\"item\":\"https:\/\/www.music-match.biz\/referenten\/\"},{\"@type\":\"ListItem\",\"position\":3,\"name\":\"PRO MUSIK\"}]},{\"@type\":\"WebSite\",\"@id\":\"https:\/\/www.music-match.biz\/#website\",\"url\":\"https:\/\/www.music-match.biz\/\",\"name\":\"MusicMatch 2026 | Festival &amp; Konferenz\",\"description\":\"Music for a New Society.\",\"potentialAction\":[{\"@type\":\"SearchAction\",\"target\":{\"@type\":\"EntryPoint\",\"urlTemplate\":\"https:\/\/www.music-match.biz\/?s={search_term_string}\"},\"query-input\":{\"@type\":\"PropertyValueSpecification\",\"valueRequired\":true,\"valueName\":\"search_term_string\"}}],\"inLanguage\":\"en-GB\"}]}<\/script>\n<!-- \/ Yoast SEO plugin. -->","yoast_head_json":{"title":"PRO MUSIK - MusicMatch 2026 | Festival &amp; Konferenz","robots":{"index":"index","follow":"follow","max-snippet":"max-snippet:-1","max-image-preview":"max-image-preview:large","max-video-preview":"max-video-preview:-1"},"canonical":"https:\/\/www.music-match.biz\/en\/referenten\/pro-musik\/","og_locale":"en_GB","og_type":"article","og_title":"PRO MUSIK - MusicMatch 2026 | Festival &amp; Konferenz","og_description":"vertreten durch Kerstin Mayer &amp; Stephanie Dathe PRO MUSIK hat sich 2021 w\u00e4hrend der Corona-Pandemie aus der Erfahrung heraus gegr\u00fcndet, dass wir freischaffenden Musikerinnen und Musiker keine Interessenvertretung hatten. Diese L\u00fccke zu f\u00fcllen ist unser Anspruch. Dabei verstehen wir uns als Schnittstelle, die in zwei Richtungen funktioniert: Auf der einen Seite wollen wir in die [&hellip;]","og_url":"https:\/\/www.music-match.biz\/en\/referenten\/pro-musik\/","og_site_name":"MusicMatch 2026 | Festival &amp; Konferenz","article_modified_time":"2024-04-23T14:15:05+00:00","og_image":[{"width":1080,"height":1080,"url":"https:\/\/www.music-match.biz\/wp-content\/uploads\/2024\/03\/PRO-MUSIK-1.jpg","type":"image\/jpeg"}],"twitter_card":"summary_large_image","twitter_misc":{"Estimated reading time":"3 minutes"},"schema":{"@context":"https:\/\/schema.org","@graph":[{"@type":"WebPage","@id":"https:\/\/www.music-match.biz\/referenten\/pro-musik\/","url":"https:\/\/www.music-match.biz\/referenten\/pro-musik\/","name":"PRO MUSIK - MusicMatch 2026 | Festival &amp; Konferenz","isPartOf":{"@id":"https:\/\/www.music-match.biz\/#website"},"primaryImageOfPage":{"@id":"https:\/\/www.music-match.biz\/referenten\/pro-musik\/#primaryimage"},"image":{"@id":"https:\/\/www.music-match.biz\/referenten\/pro-musik\/#primaryimage"},"thumbnailUrl":"https:\/\/www.music-match.biz\/wp-content\/uploads\/2024\/03\/PRO-MUSIK-1.jpg","datePublished":"2024-03-19T15:48:34+00:00","dateModified":"2024-04-23T14:15:05+00:00","breadcrumb":{"@id":"https:\/\/www.music-match.biz\/referenten\/pro-musik\/#breadcrumb"},"inLanguage":"en-GB","potentialAction":[{"@type":"ReadAction","target":["https:\/\/www.music-match.biz\/referenten\/pro-musik\/"]}]},{"@type":"ImageObject","inLanguage":"en-GB","@id":"https:\/\/www.music-match.biz\/referenten\/pro-musik\/#primaryimage","url":"https:\/\/www.music-match.biz\/wp-content\/uploads\/2024\/03\/PRO-MUSIK-1.jpg","contentUrl":"https:\/\/www.music-match.biz\/wp-content\/uploads\/2024\/03\/PRO-MUSIK-1.jpg","width":1080,"height":1080},{"@type":"BreadcrumbList","@id":"https:\/\/www.music-match.biz\/referenten\/pro-musik\/#breadcrumb","itemListElement":[{"@type":"ListItem","position":1,"name":"Startseite","item":"https:\/\/www.music-match.biz\/"},{"@type":"ListItem","position":2,"name":"Referenten","item":"https:\/\/www.music-match.biz\/referenten\/"},{"@type":"ListItem","position":3,"name":"PRO MUSIK"}]},{"@type":"WebSite","@id":"https:\/\/www.music-match.biz\/#website","url":"https:\/\/www.music-match.biz\/","name":"MusicMatch 2026 | Festival &amp; Konferenz","description":"Music for a New Society.","potentialAction":[{"@type":"SearchAction","target":{"@type":"EntryPoint","urlTemplate":"https:\/\/www.music-match.biz\/?s={search_term_string}"},"query-input":{"@type":"PropertyValueSpecification","valueRequired":true,"valueName":"search_term_string"}}],"inLanguage":"en-GB"}]}},"_links":{"self":[{"href":"https:\/\/www.music-match.biz\/en\/wp-json\/wp\/v2\/referenten\/2108","targetHints":{"allow":["GET"]}}],"collection":[{"href":"https:\/\/www.music-match.biz\/en\/wp-json\/wp\/v2\/referenten"}],"about":[{"href":"https:\/\/www.music-match.biz\/en\/wp-json\/wp\/v2\/types\/referenten"}],"wp:featuredmedia":[{"embeddable":true,"href":"https:\/\/www.music-match.biz\/en\/wp-json\/wp\/v2\/media\/2110"}],"wp:attachment":[{"href":"https:\/\/www.music-match.biz\/en\/wp-json\/wp\/v2\/media?parent=2108"}],"wp:term":[{"taxonomy":"jahr","embeddable":true,"href":"https:\/\/www.music-match.biz\/en\/wp-json\/wp\/v2\/jahr?post=2108"}],"curies":[{"name":"wp","href":"https:\/\/api.w.org\/{rel}","templated":true}]}}

<p>vertreten durch Kerstin Mayer &amp; Stephanie Dathe</p>



<p>PRO MUSIK hat sich 2021 während der Corona-Pandemie aus der Erfahrung heraus gegründet, dass wir freischaffenden Musikerinnen und Musiker keine Interessenvertretung hatten. Diese Lücke zu füllen ist unser Anspruch. Dabei verstehen wir uns als Schnittstelle, die in zwei Richtungen funktioniert:</p>



<p>Auf der einen Seite wollen wir in die Musiker*innen-Szene reinhören, was Probleme bereitet und Lösungen vermitteln, so es sie bereits gibt. Und auf der anderen Seite wollen wir die Bedarfe gebündelt an die Politik weitergeben und erklären, wie man es aus unserer Sicht besser machen könnte. Ziel ist es dabei immer das Arbeitsumfeld für die freischaffenden Musiker*innen in Deutschland zu verbessern und mehr Menschen für diesen erfüllenden Beruf zu begeistern.</p>



<p>KERSTIN MAYER</p>



<p>Seit ihrem siebzehnten Lebensjahr verbringt Kerstin Mayer viel Zeit bei Konzerten. Mehr als ein Jahrzehnt war sie dabei auch hinter den Kulissen aktiv. Anschließend arbeitete sie in diversen Medien-unternehmen, bevor sie das Thema Kulturförderung kennen und lieben lernte. Sie verbrachte mehrere Jahre als Projektbetreuerin bei der Initiative Musik und übernahm danach die Leitung der Finanz-verwaltung der Amadeus Antonio Stiftung, die Initiativen gegen gruppenbezogene Menschen-feindlichkeit supportet.</p>



<p>2020 machte Kerstin sich selbständig und berät seitdem Musikschaffende bei der Beantragung und Durchführung von Förderprojekten, gibt Workshops und Seminare oder übernimmt Projektmanagement-aufgaben. 2022 in den Vorstand des Bundesverband Popularmusik (BV Pop) gewählt. Darüber hinaus engagiert sie sich bei Second Bandshirt, einem Verein, der gespendetes Bandmerchandise verkauft und die Erlöse an gemeinnützige Zwecke weitergibt und hat als neuesten Streich einen Popchor für Flintas gegründet.</p>



<p>Bei PRO MUSIK baut sie zusammen mit ihrem Kollegen Lukas Berg das bundesweite Kompetenz-zentrum für freischaffende Musiker*innen „Artist Elevator&#8220;auf und kuratiert das &#8222;Starterkit Selbständigkeit“.</p>



<p>STEPHANIE DATHE</p>



<p>arbeitet &amp; lebt in Leipzig, wo sie seit frühester Kindheit eine umfassende vertiefte musikalische Ausbildung an der HMT Leipzig erhielt. Ihr Klavierstudium, Musik- und Instrumentalpädagogik sowie EMP ermöglichen ihr eine umfassende Künstlerisch &amp; pädagogisch Arbeit in der Musikvermittlung. Unter der Marke arssynerga betreibt sie u.a. das ensemble arssynerga und eine Schule für musisch-ästhetische Bildung. Regelmäßig produziert sie Musiktheaterstücke. Kenntnisse in Musikmanagement, BWL &amp; MVM erwarb sie berufsbegleitend. Als soloselbständige Künstlerin &amp; Musikpädagogin ist sie seit 2002 freischaffend tätig, &amp; kreiert mit großer Vorliebe crossover &amp; open air &#8211; Projekte an ungewöhnlichen Orten. Als Vorsitzende des Berufsverbandes in Sachsen setzt sie sich seit 2005 u.a.leidenschaftlich für musische &amp; kulturelle Bildung, der Wertschätzung der Musikberufe und deren Faire Vergütung ein. Seit Juli 2023 ist sie im Vorstand von PRO MUSIK Verband freier Musikschaffender tätig und leitet den PRO MUSIK Länderverbund Mitteldeutschland, den sie zeitgleich zusammen mit ihrer Kollegin Felicitas Ressel ins Leben rief. Das erste Papier zu Honoraruntergrenzen kam aus Sachsen im Jahr 2009. Seitdem wurde viel erreicht. Die Themen und Expertisen sind inzwischen bundesweit präsent.</p>

<!-- This site is optimized with the Yoast SEO plugin v26.7 - https://yoast.com/wordpress/plugins/seo/ -->
<title>PRO MUSIK - MusicMatch 2026 | Festival &amp; Konferenz</title>
<meta name="robots" content="index, follow, max-snippet:-1, max-image-preview:large, max-video-preview:-1" />
<link rel="canonical" href="https://www.music-match.biz/en/referenten/pro-musik/" />
<meta property="og:locale" content="en_GB" />
<meta property="og:type" content="article" />
<meta property="og:title" content="PRO MUSIK - MusicMatch 2026 | Festival &amp; Konferenz" />
<meta property="og:description" content="vertreten durch Kerstin Mayer &amp; Stephanie Dathe PRO MUSIK hat sich 2021 während der Corona-Pandemie aus der Erfahrung heraus gegründet, dass wir freischaffenden Musikerinnen und Musiker keine Interessenvertretung hatten. Diese Lücke zu füllen ist unser Anspruch. Dabei verstehen wir uns als Schnittstelle, die in zwei Richtungen funktioniert: Auf der einen Seite wollen wir in die [&hellip;]" />
<meta property="og:url" content="https://www.music-match.biz/en/referenten/pro-musik/" />
<meta property="og:site_name" content="MusicMatch 2026 | Festival &amp; Konferenz" />
<meta property="article:modified_time" content="2024-04-23T14:15:05+00:00" />
<meta property="og:image" content="https://www.music-match.biz/wp-content/uploads/2024/03/PRO-MUSIK-1.jpg" />
	<meta property="og:image:width" content="1080" />
	<meta property="og:image:height" content="1080" />
	<meta property="og:image:type" content="image/jpeg" />
<meta name="twitter:card" content="summary_large_image" />
<meta name="twitter:label1" content="Estimated reading time" />
	<meta name="twitter:data1" content="3 minutes" />
<script type="application/ld+json" class="yoast-schema-graph">{"@context":"https://schema.org","@graph":[{"@type":"WebPage","@id":"https://www.music-match.biz/referenten/pro-musik/","url":"https://www.music-match.biz/referenten/pro-musik/","name":"PRO MUSIK - MusicMatch 2026 | Festival &amp; Konferenz","isPartOf":{"@id":"https://www.music-match.biz/#website"},"primaryImageOfPage":{"@id":"https://www.music-match.biz/referenten/pro-musik/#primaryimage"},"image":{"@id":"https://www.music-match.biz/referenten/pro-musik/#primaryimage"},"thumbnailUrl":"https://www.music-match.biz/wp-content/uploads/2024/03/PRO-MUSIK-1.jpg","datePublished":"2024-03-19T15:48:34+00:00","dateModified":"2024-04-23T14:15:05+00:00","breadcrumb":{"@id":"https://www.music-match.biz/referenten/pro-musik/#breadcrumb"},"inLanguage":"en-GB","potentialAction":[{"@type":"ReadAction","target":["https://www.music-match.biz/referenten/pro-musik/"]}]},{"@type":"ImageObject","inLanguage":"en-GB","@id":"https://www.music-match.biz/referenten/pro-musik/#primaryimage","url":"https://www.music-match.biz/wp-content/uploads/2024/03/PRO-MUSIK-1.jpg","contentUrl":"https://www.music-match.biz/wp-content/uploads/2024/03/PRO-MUSIK-1.jpg","width":1080,"height":1080},{"@type":"BreadcrumbList","@id":"https://www.music-match.biz/referenten/pro-musik/#breadcrumb","itemListElement":[{"@type":"ListItem","position":1,"name":"Startseite","item":"https://www.music-match.biz/"},{"@type":"ListItem","position":2,"name":"Referenten","item":"https://www.music-match.biz/referenten/"},{"@type":"ListItem","position":3,"name":"PRO MUSIK"}]},{"@type":"WebSite","@id":"https://www.music-match.biz/#website","url":"https://www.music-match.biz/","name":"MusicMatch 2026 | Festival &amp; Konferenz","description":"Music for a New Society.","potentialAction":[{"@type":"SearchAction","target":{"@type":"EntryPoint","urlTemplate":"https://www.music-match.biz/?s={search_term_string}"},"query-input":{"@type":"PropertyValueSpecification","valueRequired":true,"valueName":"search_term_string"}}],"inLanguage":"en-GB"}]}</script>
<!-- / Yoast SEO plugin. -->

vertreten durch Kerstin Mayer &amp; Stephanie Dathe PRO MUSIK hat sich 2021 während der Corona-Pandemie aus der Erfahrung heraus gegründet, dass wir freischaffenden Musikerinnen und Musiker keine Interessenvertretung hatten. Diese Lücke zu füllen ist unser Anspruch. Dabei verstehen wir uns als Schnittstelle, die in zwei Richtungen funktioniert: Auf der einen Seite wollen wir in die [&hellip;]
