{"id":2642,"date":"2026-03-17T10:37:26","date_gmt":"2026-03-17T09:37:26","guid":{"rendered":"https:\/\/www.music-match.biz\/?post_type=referenten&#038;p=2642"},"modified":"2026-03-17T10:49:44","modified_gmt":"2026-03-17T09:49:44","slug":"sarah-seam-bergmann","status":"publish","type":"referenten","link":"https:\/\/www.music-match.biz\/en\/referenten\/sarah-seam-bergmann\/","title":{"rendered":"Sarah Seam Bergmann"},"content":{"rendered":"<p>Sarah Saem Bergmann ist eine engagierte Trainerin, die nachhaltige Konzepte und Prozesse<br>entwickelt, um Mitarbeitende zur Entfaltung ihrer Potenziale zu ermutigen. Mit den<br>Schwerpunkten Resilienz, Selbstf\u00fcrsorge und Awareness engagiert sie sich seit der Gr\u00fcndung<br>von Act Aware e.V. f\u00fcr diskriminierungsfreie R\u00e4ume und FLINTA*-Empowerment. Ihre langj\u00e4hrige<br>Expertise bringt sie in Beratungen, Keynotes und Workshops f\u00fcr Events und Organisationen ein.<br>Sie wirkt sie als New Work Coach f\u00fcr eine inklusive Arbeitskultur. Ihr Ansatz: Ver\u00e4nderung von<br>innen nach au\u00dfen.<\/p>","protected":false},"featured_media":2648,"template":"","jahr":[79],"class_list":["post-2642","referenten","type-referenten","status-publish","has-post-thumbnail","hentry","jahr-79"],"yoast_head":"<!-- This site is optimized with the Yoast SEO plugin v26.7 - https:\/\/yoast.com\/wordpress\/plugins\/seo\/ -->\n<title>Sarah Seam Bergmann - MusicMatch 2026 | Festival &amp; Konferenz<\/title>\n<meta name=\"robots\" content=\"index, follow, max-snippet:-1, max-image-preview:large, max-video-preview:-1\" \/>\n<link rel=\"canonical\" href=\"https:\/\/www.music-match.biz\/en\/referenten\/sarah-seam-bergmann\/\" \/>\n<meta property=\"og:locale\" content=\"en_GB\" \/>\n<meta property=\"og:type\" content=\"article\" \/>\n<meta property=\"og:title\" content=\"Sarah Seam Bergmann - MusicMatch 2026 | Festival &amp; Konferenz\" \/>\n<meta property=\"og:description\" content=\"Sarah Saem Bergmann ist eine engagierte Trainerin, die nachhaltige Konzepte und Prozesseentwickelt, um Mitarbeitende zur Entfaltung ihrer Potenziale zu ermutigen. Mit denSchwerpunkten Resilienz, Selbstf\u00fcrsorge und Awareness engagiert sie sich seit der Gr\u00fcndungvon Act Aware e.V. f\u00fcr diskriminierungsfreie R\u00e4ume und FLINTA*-Empowerment. Ihre langj\u00e4hrigeExpertise bringt sie in Beratungen, Keynotes und Workshops f\u00fcr Events und Organisationen ein.Sie wirkt [&hellip;]\" \/>\n<meta property=\"og:url\" content=\"https:\/\/www.music-match.biz\/en\/referenten\/sarah-seam-bergmann\/\" \/>\n<meta property=\"og:site_name\" content=\"MusicMatch 2026 | Festival &amp; Konferenz\" \/>\n<meta property=\"article:modified_time\" content=\"2026-03-17T09:49:44+00:00\" \/>\n<meta property=\"og:image\" content=\"https:\/\/www.music-match.biz\/wp-content\/uploads\/2026\/03\/Sarah-Saem-Bergmann-_-Credits_-Vincent-Grundke-2-1.jpg\" \/>\n\t<meta property=\"og:image:width\" content=\"1280\" \/>\n\t<meta property=\"og:image:height\" content=\"1600\" \/>\n\t<meta property=\"og:image:type\" content=\"image\/jpeg\" \/>\n<meta name=\"twitter:card\" content=\"summary_large_image\" \/>\n<meta name=\"twitter:label1\" content=\"Estimated reading time\" \/>\n\t<meta name=\"twitter:data1\" content=\"1 minute\" \/>\n<script type=\"application\/ld+json\" class=\"yoast-schema-graph\">{\"@context\":\"https:\/\/schema.org\",\"@graph\":[{\"@type\":\"WebPage\",\"@id\":\"https:\/\/www.music-match.biz\/referenten\/sarah-seam-bergmann\/\",\"url\":\"https:\/\/www.music-match.biz\/referenten\/sarah-seam-bergmann\/\",\"name\":\"Sarah Seam Bergmann - MusicMatch 2026 | Festival &amp; Konferenz\",\"isPartOf\":{\"@id\":\"https:\/\/www.music-match.biz\/#website\"},\"primaryImageOfPage\":{\"@id\":\"https:\/\/www.music-match.biz\/referenten\/sarah-seam-bergmann\/#primaryimage\"},\"image\":{\"@id\":\"https:\/\/www.music-match.biz\/referenten\/sarah-seam-bergmann\/#primaryimage\"},\"thumbnailUrl\":\"https:\/\/www.music-match.biz\/wp-content\/uploads\/2026\/03\/Sarah-Saem-Bergmann-_-Credits_-Vincent-Grundke-2-1.jpg\",\"datePublished\":\"2026-03-17T09:37:26+00:00\",\"dateModified\":\"2026-03-17T09:49:44+00:00\",\"breadcrumb\":{\"@id\":\"https:\/\/www.music-match.biz\/referenten\/sarah-seam-bergmann\/#breadcrumb\"},\"inLanguage\":\"en-GB\",\"potentialAction\":[{\"@type\":\"ReadAction\",\"target\":[\"https:\/\/www.music-match.biz\/referenten\/sarah-seam-bergmann\/\"]}]},{\"@type\":\"ImageObject\",\"inLanguage\":\"en-GB\",\"@id\":\"https:\/\/www.music-match.biz\/referenten\/sarah-seam-bergmann\/#primaryimage\",\"url\":\"https:\/\/www.music-match.biz\/wp-content\/uploads\/2026\/03\/Sarah-Saem-Bergmann-_-Credits_-Vincent-Grundke-2-1.jpg\",\"contentUrl\":\"https:\/\/www.music-match.biz\/wp-content\/uploads\/2026\/03\/Sarah-Saem-Bergmann-_-Credits_-Vincent-Grundke-2-1.jpg\",\"width\":1280,\"height\":1600,\"caption\":\"Person mit schulterlangem Haar und schwarzem Oberteil steht mit verschr\u00e4nkten Armen in einem U-Bahn Tunnel\"},{\"@type\":\"BreadcrumbList\",\"@id\":\"https:\/\/www.music-match.biz\/referenten\/sarah-seam-bergmann\/#breadcrumb\",\"itemListElement\":[{\"@type\":\"ListItem\",\"position\":1,\"name\":\"Startseite\",\"item\":\"https:\/\/www.music-match.biz\/\"},{\"@type\":\"ListItem\",\"position\":2,\"name\":\"Referenten\",\"item\":\"https:\/\/www.music-match.biz\/referenten\/\"},{\"@type\":\"ListItem\",\"position\":3,\"name\":\"Sarah Seam Bergmann\"}]},{\"@type\":\"WebSite\",\"@id\":\"https:\/\/www.music-match.biz\/#website\",\"url\":\"https:\/\/www.music-match.biz\/\",\"name\":\"MusicMatch 2026 | Festival &amp; Konferenz\",\"description\":\"Music for a New Society.\",\"potentialAction\":[{\"@type\":\"SearchAction\",\"target\":{\"@type\":\"EntryPoint\",\"urlTemplate\":\"https:\/\/www.music-match.biz\/?s={search_term_string}\"},\"query-input\":{\"@type\":\"PropertyValueSpecification\",\"valueRequired\":true,\"valueName\":\"search_term_string\"}}],\"inLanguage\":\"en-GB\"}]}<\/script>\n<!-- \/ Yoast SEO plugin. -->","yoast_head_json":{"title":"Sarah Seam Bergmann - MusicMatch 2026 | Festival &amp; Konferenz","robots":{"index":"index","follow":"follow","max-snippet":"max-snippet:-1","max-image-preview":"max-image-preview:large","max-video-preview":"max-video-preview:-1"},"canonical":"https:\/\/www.music-match.biz\/en\/referenten\/sarah-seam-bergmann\/","og_locale":"en_GB","og_type":"article","og_title":"Sarah Seam Bergmann - MusicMatch 2026 | Festival &amp; Konferenz","og_description":"Sarah Saem Bergmann ist eine engagierte Trainerin, die nachhaltige Konzepte und Prozesseentwickelt, um Mitarbeitende zur Entfaltung ihrer Potenziale zu ermutigen. Mit denSchwerpunkten Resilienz, Selbstf\u00fcrsorge und Awareness engagiert sie sich seit der Gr\u00fcndungvon Act Aware e.V. f\u00fcr diskriminierungsfreie R\u00e4ume und FLINTA*-Empowerment. Ihre langj\u00e4hrigeExpertise bringt sie in Beratungen, Keynotes und Workshops f\u00fcr Events und Organisationen ein.Sie wirkt [&hellip;]","og_url":"https:\/\/www.music-match.biz\/en\/referenten\/sarah-seam-bergmann\/","og_site_name":"MusicMatch 2026 | Festival &amp; Konferenz","article_modified_time":"2026-03-17T09:49:44+00:00","og_image":[{"width":1280,"height":1600,"url":"https:\/\/www.music-match.biz\/wp-content\/uploads\/2026\/03\/Sarah-Saem-Bergmann-_-Credits_-Vincent-Grundke-2-1.jpg","type":"image\/jpeg"}],"twitter_card":"summary_large_image","twitter_misc":{"Estimated reading time":"1 minute"},"schema":{"@context":"https:\/\/schema.org","@graph":[{"@type":"WebPage","@id":"https:\/\/www.music-match.biz\/referenten\/sarah-seam-bergmann\/","url":"https:\/\/www.music-match.biz\/referenten\/sarah-seam-bergmann\/","name":"Sarah Seam Bergmann - MusicMatch 2026 | Festival &amp; Konferenz","isPartOf":{"@id":"https:\/\/www.music-match.biz\/#website"},"primaryImageOfPage":{"@id":"https:\/\/www.music-match.biz\/referenten\/sarah-seam-bergmann\/#primaryimage"},"image":{"@id":"https:\/\/www.music-match.biz\/referenten\/sarah-seam-bergmann\/#primaryimage"},"thumbnailUrl":"https:\/\/www.music-match.biz\/wp-content\/uploads\/2026\/03\/Sarah-Saem-Bergmann-_-Credits_-Vincent-Grundke-2-1.jpg","datePublished":"2026-03-17T09:37:26+00:00","dateModified":"2026-03-17T09:49:44+00:00","breadcrumb":{"@id":"https:\/\/www.music-match.biz\/referenten\/sarah-seam-bergmann\/#breadcrumb"},"inLanguage":"en-GB","potentialAction":[{"@type":"ReadAction","target":["https:\/\/www.music-match.biz\/referenten\/sarah-seam-bergmann\/"]}]},{"@type":"ImageObject","inLanguage":"en-GB","@id":"https:\/\/www.music-match.biz\/referenten\/sarah-seam-bergmann\/#primaryimage","url":"https:\/\/www.music-match.biz\/wp-content\/uploads\/2026\/03\/Sarah-Saem-Bergmann-_-Credits_-Vincent-Grundke-2-1.jpg","contentUrl":"https:\/\/www.music-match.biz\/wp-content\/uploads\/2026\/03\/Sarah-Saem-Bergmann-_-Credits_-Vincent-Grundke-2-1.jpg","width":1280,"height":1600,"caption":"Person mit schulterlangem Haar und schwarzem Oberteil steht mit verschr\u00e4nkten Armen in einem U-Bahn Tunnel"},{"@type":"BreadcrumbList","@id":"https:\/\/www.music-match.biz\/referenten\/sarah-seam-bergmann\/#breadcrumb","itemListElement":[{"@type":"ListItem","position":1,"name":"Startseite","item":"https:\/\/www.music-match.biz\/"},{"@type":"ListItem","position":2,"name":"Referenten","item":"https:\/\/www.music-match.biz\/referenten\/"},{"@type":"ListItem","position":3,"name":"Sarah Seam Bergmann"}]},{"@type":"WebSite","@id":"https:\/\/www.music-match.biz\/#website","url":"https:\/\/www.music-match.biz\/","name":"MusicMatch 2026 | Festival &amp; Konferenz","description":"Music for a New Society.","potentialAction":[{"@type":"SearchAction","target":{"@type":"EntryPoint","urlTemplate":"https:\/\/www.music-match.biz\/?s={search_term_string}"},"query-input":{"@type":"PropertyValueSpecification","valueRequired":true,"valueName":"search_term_string"}}],"inLanguage":"en-GB"}]}},"_links":{"self":[{"href":"https:\/\/www.music-match.biz\/en\/wp-json\/wp\/v2\/referenten\/2642","targetHints":{"allow":["GET"]}}],"collection":[{"href":"https:\/\/www.music-match.biz\/en\/wp-json\/wp\/v2\/referenten"}],"about":[{"href":"https:\/\/www.music-match.biz\/en\/wp-json\/wp\/v2\/types\/referenten"}],"wp:featuredmedia":[{"embeddable":true,"href":"https:\/\/www.music-match.biz\/en\/wp-json\/wp\/v2\/media\/2648"}],"wp:attachment":[{"href":"https:\/\/www.music-match.biz\/en\/wp-json\/wp\/v2\/media?parent=2642"}],"wp:term":[{"taxonomy":"jahr","embeddable":true,"href":"https:\/\/www.music-match.biz\/en\/wp-json\/wp\/v2\/jahr?post=2642"}],"curies":[{"name":"wp","href":"https:\/\/api.w.org\/{rel}","templated":true}]}}

<p>Sarah Saem Bergmann ist eine engagierte Trainerin, die nachhaltige Konzepte und Prozesse<br>entwickelt, um Mitarbeitende zur Entfaltung ihrer Potenziale zu ermutigen. Mit den<br>Schwerpunkten Resilienz, Selbstfürsorge und Awareness engagiert sie sich seit der Gründung<br>von Act Aware e.V. für diskriminierungsfreie Räume und FLINTA*-Empowerment. Ihre langjährige<br>Expertise bringt sie in Beratungen, Keynotes und Workshops für Events und Organisationen ein.<br>Sie wirkt sie als New Work Coach für eine inklusive Arbeitskultur. Ihr Ansatz: Veränderung von<br>innen nach außen.</p>

<!-- This site is optimized with the Yoast SEO plugin v26.7 - https://yoast.com/wordpress/plugins/seo/ -->
<title>Sarah Seam Bergmann - MusicMatch 2026 | Festival &amp; Konferenz</title>
<meta name="robots" content="index, follow, max-snippet:-1, max-image-preview:large, max-video-preview:-1" />
<link rel="canonical" href="https://www.music-match.biz/en/referenten/sarah-seam-bergmann/" />
<meta property="og:locale" content="en_GB" />
<meta property="og:type" content="article" />
<meta property="og:title" content="Sarah Seam Bergmann - MusicMatch 2026 | Festival &amp; Konferenz" />
<meta property="og:description" content="Sarah Saem Bergmann ist eine engagierte Trainerin, die nachhaltige Konzepte und Prozesseentwickelt, um Mitarbeitende zur Entfaltung ihrer Potenziale zu ermutigen. Mit denSchwerpunkten Resilienz, Selbstfürsorge und Awareness engagiert sie sich seit der Gründungvon Act Aware e.V. für diskriminierungsfreie Räume und FLINTA*-Empowerment. Ihre langjährigeExpertise bringt sie in Beratungen, Keynotes und Workshops für Events und Organisationen ein.Sie wirkt [&hellip;]" />
<meta property="og:url" content="https://www.music-match.biz/en/referenten/sarah-seam-bergmann/" />
<meta property="og:site_name" content="MusicMatch 2026 | Festival &amp; Konferenz" />
<meta property="article:modified_time" content="2026-03-17T09:49:44+00:00" />
<meta property="og:image" content="https://www.music-match.biz/wp-content/uploads/2026/03/Sarah-Saem-Bergmann-_-Credits_-Vincent-Grundke-2-1.jpg" />
	<meta property="og:image:width" content="1280" />
	<meta property="og:image:height" content="1600" />
	<meta property="og:image:type" content="image/jpeg" />
<meta name="twitter:card" content="summary_large_image" />
<meta name="twitter:label1" content="Estimated reading time" />
	<meta name="twitter:data1" content="1 minute" />
<script type="application/ld+json" class="yoast-schema-graph">{"@context":"https://schema.org","@graph":[{"@type":"WebPage","@id":"https://www.music-match.biz/referenten/sarah-seam-bergmann/","url":"https://www.music-match.biz/referenten/sarah-seam-bergmann/","name":"Sarah Seam Bergmann - MusicMatch 2026 | Festival &amp; Konferenz","isPartOf":{"@id":"https://www.music-match.biz/#website"},"primaryImageOfPage":{"@id":"https://www.music-match.biz/referenten/sarah-seam-bergmann/#primaryimage"},"image":{"@id":"https://www.music-match.biz/referenten/sarah-seam-bergmann/#primaryimage"},"thumbnailUrl":"https://www.music-match.biz/wp-content/uploads/2026/03/Sarah-Saem-Bergmann-_-Credits_-Vincent-Grundke-2-1.jpg","datePublished":"2026-03-17T09:37:26+00:00","dateModified":"2026-03-17T09:49:44+00:00","breadcrumb":{"@id":"https://www.music-match.biz/referenten/sarah-seam-bergmann/#breadcrumb"},"inLanguage":"en-GB","potentialAction":[{"@type":"ReadAction","target":["https://www.music-match.biz/referenten/sarah-seam-bergmann/"]}]},{"@type":"ImageObject","inLanguage":"en-GB","@id":"https://www.music-match.biz/referenten/sarah-seam-bergmann/#primaryimage","url":"https://www.music-match.biz/wp-content/uploads/2026/03/Sarah-Saem-Bergmann-_-Credits_-Vincent-Grundke-2-1.jpg","contentUrl":"https://www.music-match.biz/wp-content/uploads/2026/03/Sarah-Saem-Bergmann-_-Credits_-Vincent-Grundke-2-1.jpg","width":1280,"height":1600,"caption":"Person mit schulterlangem Haar und schwarzem Oberteil steht mit verschränkten Armen in einem U-Bahn Tunnel"},{"@type":"BreadcrumbList","@id":"https://www.music-match.biz/referenten/sarah-seam-bergmann/#breadcrumb","itemListElement":[{"@type":"ListItem","position":1,"name":"Startseite","item":"https://www.music-match.biz/"},{"@type":"ListItem","position":2,"name":"Referenten","item":"https://www.music-match.biz/referenten/"},{"@type":"ListItem","position":3,"name":"Sarah Seam Bergmann"}]},{"@type":"WebSite","@id":"https://www.music-match.biz/#website","url":"https://www.music-match.biz/","name":"MusicMatch 2026 | Festival &amp; Konferenz","description":"Music for a New Society.","potentialAction":[{"@type":"SearchAction","target":{"@type":"EntryPoint","urlTemplate":"https://www.music-match.biz/?s={search_term_string}"},"query-input":{"@type":"PropertyValueSpecification","valueRequired":true,"valueName":"search_term_string"}}],"inLanguage":"en-GB"}]}</script>
<!-- / Yoast SEO plugin. -->

Sarah Saem Bergmann ist eine engagierte Trainerin, die nachhaltige Konzepte und Prozesseentwickelt, um Mitarbeitende zur Entfaltung ihrer Potenziale zu ermutigen. Mit denSchwerpunkten Resilienz, Selbstfürsorge und Awareness engagiert sie sich seit der Gründungvon Act Aware e.V. für diskriminierungsfreie Räume und FLINTA*-Empowerment. Ihre langjährigeExpertise bringt sie in Beratungen, Keynotes und Workshops für Events und Organisationen ein.Sie wirkt [&hellip;]

Person mit schulterlangem Haar und schwarzem Oberteil steht mit verschränkten Armen in einem U-Bahn Tunnel
